te t(-9).
519
Let k(s) = -3396*s + 13212. What is k(4)?
-372
Let f(h) = 21*h**2 + 884*h + 5732. Calculate f(-8).
4
Let g(c) = -547*c - 128018. What is g(-234)?
-20
Let t(x) = 465*x + 8693. Calculate t(-19).
-142
Let c(m) = -m**3 + 10*m**2 + 2173*m - 17396. Give c(8).
116
Let g(o) = o**3 + 23*o**2 - 662*o - 10301. What is g(-13)?
-5
Let t(j) = -1071*j + 35406. Give t(33).
63
Let u(o) = 5*o**2 - 381*o + 3372. Give u(66).
6
Let y(b) = 171432*b - 1028602. What is y(6)?
-10
Let g(k) = -495*k - 4022. Determine g(-8).
-62
Let u(m) = 14296*m + 3045047. Give u(-213).
-1
Let h(a) = -355*a - 13113. Calculate h(-41).
1442
Let f(n) = n**3 + 7*n**2 - 660*n + 174. Give f(22).
-310
Let b(i) = 480*i - 4003. Calculate b(6).
-1123
Let j(a) = 781972*a - 5473797. What is j(7)?
7
Let a(r) = 2*r**3 - 34*r**2 + 22*r + 125. Calculate a(13).
-941
Let r(n) = -3*n**2 + 514*n + 3964. Give r(-8).
-340
Let g(a) = 19564*a + 2132456. What is g(-109)?
-20
Let y(m) = 604048*m + 4832367. Give y(-8).
-17
Let q(d) = -40*d**2 - 3714*d + 11144. Determine q(3).
-358
Let x(i) = -11241*i - 1562490. Calculate x(-139).
9
Let i(g) = g**3 - 89*g**2 + 1319*g + 586. Give i(70).
-184
Let h(i) = -498*i + 2194. Give h(4).
202
Let j(s) = -39511*s + 1106293. What is j(28)?
-15
Let i(v) = 17*v**2 + 3860*v - 34987. Give i(9).
1130
Let c(j) = -j**3 - 30*j**2 + 6*j + 2944. Calculate c(-25).
-331
Let l(c) = 44*c**2 + 47300*c + 141907. What is l(-3)?
403
Let x(h) = -h**3 + 211*h**2 - 4180*h + 3438. Determine x(189).
-720
Let y(h) = 46428*h - 464276. Determine y(10).
4
Let l(g) = 18*g**2 + 3589*g - 13200. Give l(-203).
-5
Let j(l) = -22*l**2 + 447*l - 1508. What is j(4)?
-72
Let q(b) = -27*b**2 - 150*b - 206. Give q(-3).
1
Let o(w) = -12*w**2 - 2624*w - 142159. Give o(-99).
5
Let r(l) = 56*l**2 - 249*l + 249. Give r(1).
56
Let x(t) = 5*t**2 - 8853*t + 8851. Calculate x(1).
3
Let a(f) = 900985*f + 2702933. Calculate a(-3).
-22
Let i(u) = -u**3 + 44*u**2 + 322*u + 177. Calculate i(50).
1277
Let h(q) = 92*q**2 - 6496*q + 3892. What is h(70)?
-28
Let x(y) = -2708*y + 26976. Calculate x(10).
-104
Let d(h) = -177*h + 6069. Give d(38).
-657
Let x(g) = 2*g**3 - 346*g**2 - 33*g + 5733. Determine x(173).
24
Let o(n) = 16602*n - 1544106. What is o(93)?
-120
Let n(f) = -3*f**3 + 3*f**2 + f - 1404. Calculate n(0).
-1404
Let l(s) = -973*s + 90895. What is l(93)?
406
Let w(j) = -1179*j + 43703. Calculate w(37).
80
Let v(u) = -2*u**2 - 2377*u + 43447. Give v(18).
13
Let j(z) = 3*z**2 + 31473*z - 188883. Determine j(6).
63
Let l(r) = r**3 - 26*r**2 + 75*r + 563. Give l(8).
11
Let u(t) = -5*t**3 - 1254*t**2 - 1003*t - 803. What is u(-250)?
-53
Let y(x) = 5788*x + 139100. Calculate y(-24).
188
Let l(t) = -6*t**2 + 170*t + 28906. What is l(85)?
6
Let k(x) = 2516*x - 25162. Give k(10).
-2
Let s(c) = -20*c**2 + 1193*c + 171. Give s(60).
-249
Let d(z) = -z**3 + 218*z**2 - 112*z + 24427. Give d(218).
11
Let r(p) = -24522*p + 1569404. Give r(64).
-4
Let p(i) = i**3 - 32*i**2 - 1047*i + 353. Calculate p(52).
-11
Let f(i) = 232257*i - 3019344. Give f(13).
-3
Let q(d) = 18*d**2 + 22*d - 369. Give q(-7).
359
Let p(h) = 2*h**3 + 618*h**2 - 10656*h - 83205. Calculate p(-325).
-5
Let r(s) = 12*s**2 - 65*s + 272. What is r(14)?
1714
Let k(i) = -124*i**3 + i**2 + 2617*i - 2617. Give k(1).
-123
Let o(q) = -2*q**3 - 482*q**2 - 4199*q - 5325. Calculate o(-232).
11
Let p(v) = 16*v**3 + 155*v**2 + 2*v - 4. Calculate p(-9).
869
Let b(v) = 360*v + 23841. Determine b(-66).
81
Let c(y) = -52905*y + 264522. Calculate c(5).
-3
Let i(y) = -886*y - 3274. Calculate i(-4).
270
Let m(j) = -204*j + 16811. Calculate m(82).
83
Let d(c) = c**2 - 74*c + 1383. What is d(23)?
210
Let w(s) = -s**2 + 177*s + 112223. What is w(435)?
-7
Let w(d) = -7309*d - 1125584. Determine w(-154).
2
Let p(u) = 26*u**2 + 7*u + 91. Determine p(-7).
1316
Let v(t) = 4004*t + 12165. Calculate v(-1).
8161
Let g(k) = -409*k**2 + 26586*k - 144. Calculate g(65).
-79
Let v(z) = -z**3 - 2325*z**2 + 68290*z - 684. Calculate v(29).
12
Let g(z) = -39*z**3 + 782*z**2 - 50*z - 194. What is g(20)?
-394
Let t(q) = 1635*q**2 - 35968*q - 21. Determine t(22).
23
Let f(i) = -10533*i - 315605. Give f(-30).
385
Let x(k) = 5*k**3 - 2671*k**2 + 536*k - 1077. What is x(534)?
-9
Let l(z) = 2*z**3 - 14*z**2 - 9952*z + 2686. Determine l(74).
22
Let j(t) = -3*t**3 - 96*t**2 + 105*t + 157. Determine j(-33).
-41
Let u(x) = -5*x**2 - 535*x - 6805. Calculate u(-13).
-695
Let n(z) = z**2 + 3161*z - 50818. What is n(16)?
14
Let y(c) = c**2 - 210*c + 732. Give y(5).
-293
Let p(t) = 45*t**3 + 9809*t**2 - 210*t + 1750. Give p(-218).
6
Let i(h) = h**3 - 261*h**2 + 2448*h - 45000. What is i(252)?
360
Let m(z) = 466*z - 38295. Calculate m(82).
-83
Let k(c) = -8*c**2 + 4455*c - 43222. Give k(547).
-9
Let x(m) = -93*m**2 - 24*m + 7. Give x(-4).
-1385
Let u(a) = -8040*a + 8041. Determine u(1).
1
Let u(n) = 374959*n - 1499830. What is u(4)?
6
Let n(a) = -115*a**2 - 1688*a - 242. What is n(-14)?
850
Let n(d) = -d**3 - 49*d**2 - 104*d - 427. Determine n(-47).
43
Let r(h) = -881*h + 130381. What is r(148)?
-7
Let x(k) = k**3 + 57*k**2 + 10264*k + 612505. What is x(-59)?
-33
Let f(x) = x**3 + x + 4. What is f(-4)?
-64
Let y(p) = 75*p**2 - 297*p - 45. What is y(7)?
1551
Let i(g) = -8*g**3 + 94*g**2 + 14*g + 21. Calculate i(12).
-99
Let a(z) = 2*z**3 + 110*z**2 - 115*z - 60. Determine a(-56).
108
Let z(t) = t**3 - 26*t**2 - 334*t + 8989. What is z(25)?
14
Let o(z) = -z**3 - 42*z**2 - 281*z - 1169. Calculate o(-35).
91
Let q(l) = -4*l**3 - 43*l**2 - 14*l - 169. Determine q(0).
-169
Let a(f) = -f**3 - 24*f**2 + 781*f + 1531. Calculate a(20).
-449
Let m(w) = 2180*w - 350995. Calculate m(161).
-15
Let p(b) = -15*b**2 - 309*b + 4044. Calculate p(14).
-3222
Let v(f) = f**2 + 23668*f - 5665494. Give v(237).
-9
Let y(p) = p**3 + 302*p**2 - 14029*p + 11617. What is y(-343)?
-45
Let q(u) = u**3 + 160*u**2 + 162*u + 468. Calculate q(-159).
-9
Let t(r) = 2*r**2 + 1176*r + 9391. Determine t(-8).
111
Let i(p) = -6*p**3 - 772*p**2 - 780*p - 34311. Determine i(-128).
-7
Let o(z) = 6*z**3 + 491*z**2 - 528*z - 36580. Calculate o(-82).
-8
Let f(u) = -5*u**2 - 3607*u + 166752. Give f(-765).
-18
Let x(v) = -3178*v + 108025. Calculate x(33).
3151
Let g(r) = r**3 + 51*r**2 + 513*r + 105. What is g(-37)?
290
Let k(l) = l**2 - 42*l - 278546. What is k(-507)?
-203
Let b(d) = 111555*d - 1561725. Determine b(14).
45
Let r(v) = -101*v**2 + 9790*v - 24. Give r(97).
-703
Let h(q) = -2*q**2 + 14117*q + 70592. What is h(-5)?
-43
Let g(r) = 972*r - 51519. Give g(53).
-3
Let q(d) = 243*d - 72717. Give q(299).
-60
Let i(x) = 9359*x + 421110. Determine i(-45).
-45
Let c(a) = a**3 + 21*a**2 + 3510*a + 20521. Determine c(-6).
1
Let d(y) = -2*y**3 - 17*y**2 + 76*y + 500. Calculate d(-10).
40
Let i(b) = 2*b**3 - 16*b**2 - 55*b + 144. Determine i(10).
-6
Let c(i) = 269*i - 20228. What is c(75)?
-53
Let w(t) = -4142*t - 8286. Determine w(-2).
-2
Let x(v) = 4*v**3 - 3*v**2 + 236*v - 1033. Calculate x(4).
119
Let n(b) = -80358*b - 883897. Determine n(-11).
41
Let d(u) = -6066*u**2 - 412487*u + 68. Determine d(-68).
0
Let k(r) = 6*r**3 + 24*r**2 + 55*r - 25. Give k(-4).
-245
Let a(v) = -3*v**3 + 2*v**2 + 7*v - 219. What is a(0)?
-219
Let m(d) = 85*d**2 - 64*d + 67. Give m(1).
88
Let d(y) = -2779*y + 2400. What is d(1)?
-379
Let y(o) = o**3 - 443*o**2 + 6*o - 333. Calculate y(0).
-333
Let a(p) = 3*p**3 - 1888*p**2 - 11435*p + 3. Give a(-6).
-3
Let l(k) = 9*k - 512. Calculate l(69).
109
Let t(h) = -2759812*h - 5519614. Calculate t(-2).
10
Let c(o) = 44113*o - 7234537. Calculate c(164).
-5
Let z(r) = 2*r**3 - 46*r**2 - 2390*r + 56264. Determine z(24).
56
Let r(x) = -279*x + 7035. Calculate r(25).
60
Let h(l) = -10*l**3 - 8*l**2 - 67*l + 9. What is h(-6)?
2283
Let m(g) = 3*g**2 + 299*g - 9352. Give m(25).
-2
Let t(z) = -38142*z - 1449402. Give t(-38).
-6
Let o(i) = 3*i**3 + 139*i**2 + 536*i - 599. What is o(-42)?
-179
Let g(n) = 6289*n - 276728. Give g(44).
-12
Let y(l) = -32*l**2 + 614*l + 6934. Calculate y(-8).
-26
Let o(i) = i**2 - 2667*i + 443086. Determine o(178).
44
Let v(y) = -6310*y + 511117. Calculate v(81).
7
Let n(b) = -40*b**2 - 590*b + 14419. Calculate n(13).
-11
Let n(z) = -2971*z - 1408235. Calculate n(-474).
19
Let n(x) = x**3 - 51*x**2 - 424*x + 11235. Wh